 b(41)?
65
Let s(f) = -11*f - 63. What is s(-9)?
36
Let z(q) = -q**3 - 9*q**2 - 1182*q - 5817. Calculate z(-5).
-7
Let u(n) = -n**2 - 22*n + 148. What is u(-17)?
233
Let g(s) = -292*s**2 + 8176*s - 15. What is g(28)?
-15
Let z(n) = -26*n**2 + 211*n + 13. Give z(7).
216
Let s(q) = -979*q - 19595. Give s(-20).
-15
Let n(b) = -7*b**2 - 53*b - 2. Calculate n(-7).
26
Let y(j) = -20*j**2 - 152*j - 161. What is y(-6)?
31
Let t(l) = -11*l**3 - 44*l**2 + 9*l + 57. Determine t(-4).
21
Let g(o) = 74*o + 4945. What is g(-70)?
-235
Let h(d) = -d**2 - 755*d - 21742. What is h(-30)?
8
Let w(q) = -q**3 - 9*q**2 + 1440*q + 14303. Give w(-10).
3
Let f(a) = -4*a**2 - 19*a + 54. What is f(-7)?
-9
Let o(m) = -m**3 - 80*m**2 + 80*m + 400. Give o(-81).
481
Let d(v) = 113*v - 891. Determine d(8).
13
Let m(z) = 639*z - 1915. Give m(3).
2
Let i(l) = -l**3 - 16*l**2 + 10*l - 20. What is i(-17)?
99
Let k(a) = 125*a**2 + 6*a + 6. Determine k(-1).
125
Let n(s) = -s**2 + 149*s - 152. What is n(1)?
-4
Let w(d) = 80*d + 2237. Calculate w(-28).
-3
Let f(u) = 2*u**2 - 72*u - 80. Calculate f(37).
-6
Let k(c) = -9*c**2 - 438*c - 262. Determine k(-48).
26
Let h(l) = -l**3 + 109*l**2 - 998*l + 783. Calculate h(99).
-9
Let t(y) = -4274*y - 72658. Calculate t(-17).
0
Let b(z) = -5*z**2 - 75*z - 150. What is b(-13)?
-20
Let t(q) = 27*q + 261. Calculate t(-9).
18
Let g(d) = -45*d - 362. Calculate g(-7).
-47
Let z(n) = -n**3 - 123*n**2 + 913*n + 390. What is z(-130)?
0
Let d(q) = -5759*q - 40302. Determine d(-7).
11
Let o(a) = -a**3 - 132*a**2 - 77. What is o(-132)?
-77
Let z(t) = -5*t**2 - 205*t + 8710. What is z(26)?
0
Let u(z) = 10*z - 217. Calculate u(12).
-97
Let u(l) = -l**3 - 8*l**2 + 16*l - 18. Determine u(-10).
22
Let x(t) = 18*t**3 + 2*t**2 + 10*t - 11. Give x(1).
19
Let w(q) = 1403*q + 18. Determine w(0).
18
Let t(i) = -i**2 - 13*i + 222. Determine t(-19).
108
Let v(f) = -1869*f + 24293. Give v(13).
-4
Let l(h) = 3*h**3 - 9*h**2 + 3*h + 39. Calculate l(4).
99
Let b(v) = -v**2 + 618*v - 7888. Calculate b(13).
-23
Let o(z) = -92*z**3 - 135*z + 136. Give o(1).
-91
Let g(p) = -p**2 - 198*p - 8902. Determine g(-69).
-1
Let o(w) = -141*w + 22. Give o(-1).
163
Let l(y) = 51*y - 400. What is l(16)?
416
Let d(m) = -134*m - 432. Calculate d(-3).
-30
Let z(b) = 78*b + 10. Calculate z(0).
10
Let n(b) = b**2 - 770*b - 11743. Give n(-15).
32
Let u(z) = 43*z + 1126. Give u(-26).
8
Let i(h) = 593*h - 11276. What is i(19)?
-9
Let g(p) = -p**3 + 2*p**2 + 17*p - 38. What is g(3)?
4
Let f(y) = -y**3 + 24*y**2 + 15*y + 53. Calculate f(24).
413
Let o(u) = -1425*u + 6665. What is o(5)?
-460
Let g(w) = -387*w - 1927. What is g(-5)?
8
Let u(r) = 11*r**3 - 35*r**2 - 35*r - 1. Give u(-1).
-12
Let l(a) = -40784*a - 40792. Determine l(-1).
-8
Let a(m) = 11*m**3 - 465*m**2 + 128*m - 88. Calculate a(42).
-4
Let p(b) = -4*b - 22. What is p(-3)?
-10
Let q(o) = -239*o**2 + 246*o - 1. Determine q(1).
6
Let n(f) = -4*f**2 + 123*f - 14. What is n(28)?
294
Let i(z) = 89*z**2 - 1868*z - 23. Determine i(21).
-2
Let x(k) = -k**3 + 10*k**2 + k - 13. Determine x(10).
-3
Let v(h) = 615*h - 12917. Calculate v(21).
-2
Let j(k) = k**3 + 9*k**2 - 39*k - 187. Determine j(-10).
103
Let w(f) = -1091*f + 30571. Determine w(28).
23
Let q(a) = 19*a - 206. Determine q(-5).
-301
Let f(s) = -s**2 - 101*s - 1386. Calculate f(-16).
-26
Let u(c) = -2*c**2 + 10*c - 14. What is u(7)?
-42
Let m(h) = 92*h - 117. Determine m(3).
159
Let f(r) = r**2 - 17*r + 75. Determine f(37).
815
Let u(j) = 3*j**2 + 20*j + 91. Determine u(-6).
79
Let l(n) = -n**2 - 19*n + 522. Calculate l(-34).
12
Let y(u) = -2*u**2 - 131*u + 1684. What is y(11)?
1
Let f(g) = g**3 + 12*g**2 - 24*g - 393. Determine f(-10).
47
Let l(w) = -1008*w + 64518. Determine l(64).
6
Let n(k) = k**2 - 225*k - 445. Determine n(-2).
9
Let r(s) = 4149*s - 12518. Calculate r(3).
-71
Let x(s) = -16*s**2 - 35*s + 13. Give x(-8).
-731
Let m(x) = 19*x**2 - 313*x + 635. Give m(2).
85
Let l(t) = -849*t**2 + 13585*t - 23. What is l(16)?
-7
Let l(o) = -503*o + 625. Determine l(2).
-381
Let b(w) = 7*w - 40. What is b(10)?
30
Let k(i) = 2*i**2 + 199*i + 79. Calculate k(-100).
179
Let h(p) = p**3 - 54*p**2 + 33*p + 1175. Give h(53).
115
Let t(r) = -6*r + 119. Determine t(32).
-73
Let s(o) = 28*o**3 - 4*o**2 - 11*o - 6. Determine s(-1).
-27
Let v(j) = 6*j**2 - 123*j + 167. Calculate v(19).
-4
Let g(i) = -6*i**3 + 360*i**2 - 14*i - 14. Give g(60).
-854
Let p(v) = -4*v**2 + 318*v - 6231. Calculate p(45).
-21
Let m(f) = 699*f - 4929. Give m(7).
-36
Let q(b) = -25*b**2 + 17. Give q(0).
17
Let n(d) = -671*d - 4698. Determine n(-7).
-1
Let k(p) = 171*p + 733. Determine k(-4).
49
Let u(k) = 17*k - 56. Give u(40).
624
Let h(o) = -3*o**3 + 29*o**2 - 54*o + 3. Give h(2).
-13
Let o(h) = 4*h**3 + 28*h**2 + 28*h + 3. Determine o(-6).
-21
Let g(j) = -8*j**2 + 11*j - 18. Give g(4).
-102
Let k(m) = 412*m + 2151. Determine k(-5).
91
Let j(o) = o**3 + 30*o**2 - 93*o + 161. What is j(-33)?
-37
Let g(x) = 936*x + 3559. Calculate g(-4).
-185
Let b(s) = -388*s + 1950. Give b(5).
10
Let i(h) = -h**3 - 15*h**2 - 18*h + 28. What is i(-10)?
-292
Let z(r) = -r**3 - 16*r**2 - 43*r - 77. Give z(-13).
-25
Let u(h) = -h**2 + 8*h + 19. What is u(-15)?
-326
Let x(h) = -85*h - 23. Calculate x(2).
-193
Let m(u) = u**3 + 30*u**2 + 222*u - 44. Calculate m(-13).
-57
Let m(h) = -h**2 + 15*h - 229. Calculate m(0).
-229
Let f(k) = k**3 - 8*k**2 - 4*k + 41. Determine f(5).
-54
Let h(m) = -47*m - 282. Calculate h(-6).
0
Let h(d) = -899*d - 14366. Give h(-16).
18
Let b(h) = -h**2 + 155*h + 15759. Give b(-70).
9
Let s(r) = -38*r**3 + 3*r**2 - 8*r + 9. Give s(1).
-34
Let x(m) = -m**3 + 14*m**2 + 42*m - 151. What is x(16)?
9
Let i(h) = 1127*h + 9065. Calculate i(-8).
49
Let b(h) = -15*h**3 + 3*h**2 + 6*h - 13. What is b(3)?
-373
Let q(n) = n**3 - 16*n**2 + 35*n - 12. Give q(15).
288
Let x(n) = 22*n**2 - 37*n - 76. Give x(-2).
86
Let y(l) = -l**3 + 13*l**2 - 47*l + 84. What is y(7)?
49
Let p(g) = -g**3 - 16*g**2 - 62*g - 286. Calculate p(-13).
13
Let m(o) = -11*o**3 - 17*o**2 + 10*o + 7. Calculate m(1).
-11
Let w(n) = 37*n**2 - 419*n + 420. Give w(1).
38
Let w(c) = 120*c - 2614. What is w(23)?
146
Let u(z) = -z**3 + 19*z**2 - 39*z - 7. Determine u(17).
-92
Let l(x) = -6*x**2 + 86*x - 3. Calculate l(16).
-163
Let d(a) = a**3 - 2*a**2 - 3*a + 20. What is d(-3)?
-16
Let y(d) = 494*d**2 - 7409*d - 27. Give y(15).
-12
Let q(h) = 33*h - 88. Determine q(6).
110
Let j(s) = s**3 - 10*s**2 - 12*s - 28. Give j(13).
323
Let j(q) = 185*q + 936. Determine j(-5).
11
Let u(w) = -w**3 + 26*w**2 - 141*w - 48. What is u(18)?
6
Let j(b) = 3*b**2 - 136*b + 233. Calculate j(43).
-68
Let g(z) = -z**3 - 165*z**2 + 492*z - 2010. Give g(-168).
6
Let f(l) = -l**3 - 19*l**2 + 29*l + 175. Give f(-20).
-5
Let n(f) = -17*f - 356. What is n(-37)?
273
Let o(a) = -22*a**2 + 92*a - 12. Give o(4).
4
Let a(r) = -25*r - 43. Give a(-5).
82
Let m(q) = 841*q - 33. Give m(1).
808
Let t(b) = -b**3 + 20*b**2 - 53*b - 53. Calculate t(6).
133
Let z(i) = i**2 + 12*i - 57. What is z(-21)?
132
Let q(h) = h**3 + 3*h**2 - 114*h + 557. Give q(-14).
-3
Let h(o) = -22*o - 157. Calculate h(-5).
-47
Let i(k) = -k**3 - 11*k**2 + 209*k + 23. Determine i(10).
13
Let y(p) = 412*p + 1622. Determine y(-4).
-26
Let a(x) = -4*x**2 + 16*x - 32. Give a(5).
-52
Let v(c) = -c**3 + 11*c**2 + 141*c - 1500. Give v(13).
-5
Let j(s) = -2*s**3 + 16*s**2 + 26*s - 6. Determine j(9).
66
Let c(h) = 2*h**2 + 19*h - 428. Calculate c(-20).
-8
Let s(b) = -b**3 + 17*b**2 + 51*b + 79. Give s(19).
326
Let f(y) = -y**3 - 9*y**2 + 11*y + 20. Calculate f(-6).
-154
Let u(x) = -x**2 - 35*x - 287. Give u(-12).
-11
Let a(t) = -214*t + 9601. What is a(45)?
-29
Let c(j) = j**2 + 46*j - 143. Give c(3).
4
Let m(v) = v**3 + 88*v**2 - 369*v - 92. Give m(-92).
0
Let q(f) = -2052*f - 8274. What is q(-4)?
-66
Let j(b) = -3*b**2 - 274*b + 555. Give j(2).
-5
Let i(j) = 4*j**3 - 15*j**2 - 2*j + 24. Calculate i(4).
32
Let h(r) = r**3 + 22*r**2 - 13*r + 237. Give h(-23).
7
Let r(s) = -17*s**2 - 102*s - 1. What is r(-6)?
-1
Let i(q) = 98*q + 34. Determine i(2).
230
Let c(x) = -170*x + 1547. Determine c(8).
187
Let c(y) = -y**3 + 6*y**2 - 41*y + 302. Calculate c(7).
-34
Let d(j) = -j**3 + 29*j**2 + 16*j + 439. Give d(30).
19
Let z(w) = -5*w**2 + 7